 - 4 = 0. Let g = 10 - k. List the prime factors of g + -11 + (-1)/((-1)/72).
2, 17
Let c be (17075/(-10))/(2/4). Let n = c - -4874. List the prime factors of n.
1459
Suppose 0 = -2*h + 3*g + 89, -h - g = h - 109. Suppose -16 = -9*t - h. List the prime factors of -21*(-3 + 4/t).
2, 3, 7
Suppose 2*o - 6264 = 4*g, -3*o - 2*o - 4*g = -15674. Suppose 8*y - 690 = o. What are the prime factors of y?
2, 239
Let r(z) = -21*z + 1. Let v be r(-3). Let o = 1212 - 776. Suppose 2*f = -5*m + o, -3*m = -2*f - v - 204. List the prime factors of m.
2, 11
Let b(v) = 5*v**2 - 4*v + 24. Let n = -106 - -111. Let p be b(n). Suppose 4*z - 19 = p. List the prime factors of z.
37
Suppose -122 = -5*p - 107. Suppose 22 = -p*j + 4. What are the prime factors of ((-952)/(-12))/(j/(-9))?
7, 17
Let u be 9*41/4*(-44)/(-11). Suppose -3*f + 5*q + 491 + u = 0, q + 4 = 0. What are the prime factors of f?
2, 5, 7
Suppose -178*c + y - 367807 = -183*c, 0 = -4*c - 3*y + 294239. What are the prime factors of c?
2, 36781
Suppose 58266 = -9*j + 12*j + 5*f, -3*f = 5*j - 97078. What are the prime factors of j?
2, 23, 211
Let y(i) = -327*i + 1177. What are the prime factors of y(-22)?
11, 761
Let o be 6/(-4) + 76/8. Suppose 3*y - o*y + 1140 = -c, 3*y + 3*c - 666 = 0. What are the prime factors of y?
227
Let b = -100 - -136. Let h(o) = 14*o - 20*o + b*o + 2 + 22*o. What are the prime factors of h(2)?
2, 53
Suppose 43*d = 557116 + 761396 - 415770. List the prime factors of d.
2, 3, 3499
Let l be (-114)/(-18) + -6 + (-35)/(-3). Let j be (l/3)/4*(0 + 0). Suppose -2*k - 57 = -3*h + 17, -5*k + 10 = j. List the prime factors of h.
2, 13
Let l(t) = -8 + 33 + 15 + 49*t - 11. List the prime factors of l(8).
421
Let d = -61852 + 99938. List the prime factors of d.
2, 137, 139
Suppose 15*t = 5*t + 18890. Let o = t + -519. List the prime factors of o.
2, 5, 137
Suppose 96*j - 1649539 = 124327 + 103414. List the prime factors of j.
5, 3911
Let y = -1102 + 721. Let r = -135 - y. What are the prime factors of r?
2, 3, 41
Let h = -257 + 161. Let u = h + 497. What are the prime factors of u?
401
Suppose -5 = u, 2*x + 0*x - 2*u - 236 = 0. Let k = x + -98. Suppose -k*f = 643 - 3658. List the prime factors of f.
3, 67
Let f(a) = -2*a**3 - 2*a - 5. Let r be f(-3). Let h = 55 - r. Suppose -2*m + 232 = 4*b - 2*b, h = -5*m + b + 550. List the prime factors of m.
3, 37
Let z(h) = -5*h - 7. Let n be z(-2). Suppose n*o = 2*t - 343, 3*t - 2*o = 4*t - 168. Let p = t - 108. What are the prime factors of p?
2, 31
Suppose -6*m - 2*q = -7*m - 105, 3*m = -5*q - 315. Let v = m - -146. Suppose 3*l - v = 2*l - 5*a, 2*l + 5*a - 97 = 0. List the prime factors of l.
2, 7
Suppose -p - 431 = -3*p + 3*w, 5*p - 1025 = -3*w. Let o = 245 - p. List the prime factors of o.
37
Let l(k) = 35*k**2 - 13*k + 1. Suppose v + 12 = 4*p, -7*p + 4*v = -3*p. What are the prime factors of l(p)?
509
Let z = -1822 - -321. Let m = -725 - z. List the prime factors of m.
2, 97
Suppose 2*z - 120 = -10*z. Suppose 4*p = -3*f + 2615, 0 = -3*p + 5*p - z. List the prime factors of f.
5, 173
Let l be (-1 - 0)/((-36)/(-612)). Let z = l + 20. Suppose z*x + 4*r - 752 = 0, 4*r + 155 = 5*x - 1109. List the prime factors of x.
2, 3, 7
Let v(t) = -t**3 - 5*t**2 - 6*t - 5. Let g be v(-4). Let k be ((-10)/g)/(28/462). Let l = -41 - k. What are the prime factors of l?
2, 7
Let c(o) = 31*o**2 + 99*o + 1753. What are the prime factors of c(-17)?
9029
Suppose f + 6 = -5*k - 4, 6 = -4*f - 3*k. Let g be (-235 - 7)*(f - 2). Suppose 3*j - 3*p = 456, g = -2*j + 5*j + 4*p. What are the prime factors of j?
2, 3, 13
Suppose 5*t + 8 + 17 = 0, 7*r - 227397 = -t. What are the prime factors of r?
2, 37, 439
List the prime factors of 3 + 78056/20 - (36/(-4))/45.
2, 3, 7, 31
Suppose 3*w = 2*w - t + 42, 168 = 4*w + 5*t. Let s = w - 37. Suppose -5*f + 181 = 3*z - f, -4*z = s*f - 242. What are the prime factors of z?
3, 7
Let r(x) = -7*x + 4. Let g be r(6). Let q = g + 42. Suppose 92 = 2*b - b - 2*z, q*z - 296 = -3*b. List the prime factors of b.
2, 3
Suppose -2*l + 344*z - 347*z + 16401 = 0, -2*z = -2*l + 16376. List the prime factors of l.
3, 2731
Suppose 5*r - 28190 = -5*u, 4*r - 11380 = -3*u + 5536. List the prime factors of u.
2, 1409
Let f(n) = 4662*n - 136. Let p(b) = 933*b - 27. Let m(y) = -3*f(y) + 16*p(y). List the prime factors of m(1).
2, 3, 17
Let w(f) = -f**3 - 75*f**2 - 23*f - 436. List the prime factors of w(-76).
2, 443
List the prime factors of 564/(-8)*786/(-9).
47, 131
Suppose -y - 6*y = -y - 181830. List the prime factors of y.
5, 11, 19, 29
Suppose 3*s - 424 - 33503 = 3*r, -2*s + 3*r = -22622. List the prime factors of s.
5, 7, 17, 19
Let c = 34 + -26. Let b be 14/4*c/(-4). Let k(l) = l + 21. What are the prime factors of k(b)?
2, 7
Suppose 3864 = 2*n + o - 1416, 0 = -8*n + 5*o + 21138. What are the prime factors of n?
19, 139
Suppose -4*o + 92*n = 91*n - 2253, -5*n - 587 = -o. List the prime factors of o.
2, 281
Let l be -14*10 + -2 - 0. Let v = l + 285. List the prime factors of v.
11, 13
Suppose -186652 - 35975 = -71*p + 241287. List the prime factors of p.
2, 3, 11
Suppose 10498 = 4*s - 2*h, -s - 8*h + 4*h + 2620 = 0. Suppose -r + t + 466 + 190 = 0, 4*r + 4*t - s = 0. List the prime factors of r.
2, 41
Suppose 3*s - 2*a = -2*s + 50, 5*s - 3*a = 55. What are the prime factors of (((-2770)/s)/5)/(2/(-8))?
277
Let u be ((-4358)/3)/(-2) - (-2)/3. Let p = u - 342. Let v = -253 + p. List the prime factors of v.
2, 3, 11
Let c = -35340 - -134556. List the prime factors of c.
2, 3, 13, 53
Let r = -3815 + 9152. What are the prime factors of r?
3, 593
Suppose 0*m + 3*m - 48 = 0. Let v(y) = -y**3 + 15*y**2 + 21*y + 23. Let h be v(m). Let l = -20 + h. List the prime factors of l.
83
Let f = -20 - -24. Suppose 5*r + 608 = 2*i - 815, 2879 = f*i + r. What are the prime factors of i?
719
Let j(z) be the third derivative of z**4/12 - 17*z**3/6 + 19*z**2. Let a be j(10). Suppose a*x - 6*x = -3*n - 363, 4*x - 485 = 5*n. List the prime factors of x.
2, 3, 5
Suppose 5*z + 5*z = 430. Suppose z*g + 48 = 44*g. Suppose g = f - o, -5*f + 210 = -0*o + 5*o. What are the prime factors of f?
3, 5
Suppose 8*u - 5*j - 31 = 5*u, -11 = 2*u + 3*j. Suppose 3*o - 14 = 5*h - 9, 0 = -5*o - 3*h + 31. Suppose u*s + o*s - 497 = 0. What are the prime factors of s?
71
Suppose -2136*s = -2147*s + 17292. What are the prime factors of s?
2, 3, 131
Let f = -494 + 494. Suppose -15*x + 36 + 6429 = f. List the prime factors of x.
431
Let z(s) = 11*s + 0 - 13*s - 9 - 13*s**2 + s**3. Let f be z(12). Let j = 304 + f. List the prime factors of j.
127
Suppose -13*i = -14665 - 7175. List the prime factors of i.
2, 3, 5, 7
Let a be 46951/145 - 2/(-10). Suppose -6*x + 174 = -a. List the prime factors of x.
83
Let w(l) = 4*l - 1. Let x be w(2). Suppose -5*r - 2*j = -174 - 19, -2 = 2*j. Suppose 522 - r = x*h. What are the prime factors of h?
3, 23
Let k = -63943 + 108041. What are the prime factors of (-31)/(-434) - k/(-28)?
3, 5, 7
Suppose 0 = -4*g - 225 + 249, 4*h - 111890 = 3*g. What are the prime factors of h?
101, 277
Suppose 0*c - 2*c + q = -12, 3*q = 0. Let l be 4*18*c/(-8). Let i = -25 - l. What are the prime factors of i?
29
Let p = 1110 - 448. Suppose -4*t + 686 = -p. List the prime factors of t.
337
Let m(d) = 72*d**2 - 304*d - 5604. What are the prime factors of m(-20)?
2, 13, 563
Let h be (8 - (-92)/10)*5. Suppose -38*p + 37*p = -h. What are the prime factors of p?
2, 43
Suppose 2*c - 4954 = -d, -7*d = -10*d - 6. What are the prime factors of c?
2, 3, 7, 59
What are the prime factors of -10 + (-46866)/(-4 + -2)?
29, 269
Let x(i) = -897*i - 4742. What are the prime factors of x(-22)?
2, 937
Let t be (-6 + 3 - -1) + -1. List the prime factors of (21/(-12))/(t/132).
7, 11
Let y(r) = 19*r**2 + 7*r - 4. Let b be y(7). Let f = b - 479. What are the prime factors of f?
7, 71
Let c(r) = 3*r**2 + 39*r + 4. Let j be c(-13). Suppose w - 156 = j*u - u, -3*w = 2*u + 93. Let l = u + 70. List the prime factors of l.
19
Suppose 0 = 43*x - 21139 - 126308. What are the prime factors of x?
3, 127
Let l(k) = 432*k**2 + 4*k. Let v be l(3). List the prime factors of ((-28)/(-12))/(5/v*4).
5, 7, 13
Suppose 17*w + 451 - 4667 = 0. Let h = w + -111. What are the prime factors of h?
137
Let r = -2953 - -4438. What are the prime facto